{"id":16662,"date":"2023-04-24T14:12:02","date_gmt":"2023-04-24T12:12:02","guid":{"rendered":"https:\/\/www.orfix.com\/?page_id=16662"},"modified":"2023-05-03T15:55:19","modified_gmt":"2023-05-03T13:55:19","slug":"wachstum-und-gemeinwohl","status":"publish","type":"page","link":"https:\/\/www.orfix.com\/de\/unternehmen\/wachstum-und-gemeinwohl\/","title":{"rendered":"Wachstum und Gemeinwohl"},"content":{"rendered":"<div class=\"wp-bootstrap-blocks-container container-fluid mb-5 custom_container custom_container--big custom_container--banner\">\n\t\n<div class=\"wp-bootstrap-blocks-row row custom_row custom_row--center\">\n\t\n\n<div class=\"col-12 col-md-12 custom_slider custom_slider__banner custom-banner-img\">\n\t\t\t\n\n<figure class=\"wp-block-image size-full advgb-dyn-9e936a3e\"><img loading=\"lazy\" decoding=\"async\" width=\"1024\" height=\"277\" src=\"https:\/\/www.orfix.com\/wp-content\/uploads\/2023\/04\/Arbeit-Titelbild-Lager-2.jpg\" alt=\"\" class=\"wp-image-16688\" srcset=\"https:\/\/www.orfix.com\/wp-content\/uploads\/2023\/04\/Arbeit-Titelbild-Lager-2.jpg 1024w, https:\/\/www.orfix.com\/wp-content\/uploads\/2023\/04\/Arbeit-Titelbild-Lager-2-300x81.jpg 300w, https:\/\/www.orfix.com\/wp-content\/uploads\/2023\/04\/Arbeit-Titelbild-Lager-2-768x208.jpg 768w\" sizes=\"auto, (max-width: 1024px) 100vw, 1024px\" \/><figcaption class=\"wp-element-caption\">Wie wir Wirtschaftswachstum und Gemeinwohl vereinbaren.<\/figcaption><\/figure>\n\n\n\n\n\t<\/div>\n\n<\/div>\n\n<\/div>\n\n\n<div class=\"wp-bootstrap-blocks-container container-fluid mb-5 custom_container custom_container--small\">\n\t\n<div class=\"wp-bootstrap-blocks-row row\">\n\t\n\n<div class=\"col-12 col-md-12\">\n\t\t\t\n\n<div class=\"wp-block-columns is-layout-flex wp-container-core-columns-is-layout-9d6595d7 wp-block-columns-is-layout-flex\">\n<div class=\"wp-block-column is-layout-flow wp-block-column-is-layout-flow\" style=\"flex-basis:25%\">\n<figure class=\"wp-block-image size-large\"><img loading=\"lazy\" decoding=\"async\" width=\"1024\" height=\"1024\" src=\"https:\/\/www.orfix.com\/wp-content\/uploads\/2023\/04\/8-Arbeit-1024x1024.jpg\" alt=\"\" class=\"wp-image-16668\" srcset=\"https:\/\/www.orfix.com\/wp-content\/uploads\/2023\/04\/8-Arbeit-1024x1024.jpg 1024w, https:\/\/www.orfix.com\/wp-content\/uploads\/2023\/04\/8-Arbeit-300x300.jpg 300w, https:\/\/www.orfix.com\/wp-content\/uploads\/2023\/04\/8-Arbeit-150x150.jpg 150w, https:\/\/www.orfix.com\/wp-content\/uploads\/2023\/04\/8-Arbeit-768x768.jpg 768w, https:\/\/www.orfix.com\/wp-content\/uploads\/2023\/04\/8-Arbeit-1536x1536.jpg 1536w, https:\/\/www.orfix.com\/wp-content\/uploads\/2023\/04\/8-Arbeit.jpg 1772w\" sizes=\"auto, (max-width: 1024px) 100vw, 1024px\" \/><\/figure>\n<\/div>\n\n\n\n<div class=\"wp-block-column is-layout-flow wp-block-column-is-layout-flow\" style=\"flex-basis:66.66%\">\n<h2 class=\"wp-block-heading\">Worum es geht:<\/h2>\n\n\n\n<ul class=\"list--no-img-point wp-block-list\">\n<li>Ganzheitliche Nachhaltigkeitsstrategie<\/li>\n\n\n\n<li>Steigerung der Zukunftsf\u00e4higkeit des Unternehmens<\/li>\n\n\n\n<li>Partnerschaftliche Zusammenarbeit mit Lieferanten<\/li>\n\n\n\n<li>F\u00f6rderung von nachhaltigem Konsum<\/li>\n<\/ul>\n<\/div>\n<\/div>\n\n\n\n<p><\/p>\n\n\n\n<p>Bereits im Jahr 2009 haben wir uns, neben der Optimierung unserer Kostenstruktur und des Unternehmenswachstums, die Schaffung von menschenw\u00fcrdigen Arbeitspl\u00e4tzen als gleichrangiges Unternehmens\u00adziel gesetzt. Dar\u00fcber hinaus stellen wir uns ganz klar gegen Kinderarbeit und beziehen grunds\u00e4tzlich keine Waren aus entsprechenden L\u00e4ndern.<\/p>\n\n\n\n<p>Im Zuge unserer Betriebserweiterung in Richtung Serbien und Ost\u00adeuropa haben wir uns aktiv daf\u00fcr eingesetzt, dass in den Betriebsst\u00e4tten menschenw\u00fcrdige Voraussetzungen geschaffen wurden, beispielsweise helle und moderne Arbeitspl\u00e4tze, ged\u00e4mmte Pausenr\u00e4ume sowie hygienische Sanit\u00e4ranlagen.<\/p>\n\n\n\n<p><\/p>\n\n\t<\/div>\n\n<\/div>\n\n<\/div>\n\n\n<div class=\"wp-bootstrap-blocks-container container-fluid mb-5 custom_container custom_container--middle\">\n\t\n<div class=\"wp-bootstrap-blocks-row row custom-row__cta-contact\">\n\t\n\n<div class=\"col-12 col-md-6\">\n\t\t\t\n\n<figure class=\"wp-block-image size-full advgb-dyn-c0ecbe96\"><img loading=\"lazy\" decoding=\"async\" width=\"471\" height=\"344\" src=\"https:\/\/www.orfix.com\/wp-content\/uploads\/2021\/08\/shutterstock_116283283_471x344px.jpg\" alt=\"Ihre Kontaktm\u00f6glichkeiten zu Wasserz\u00e4hler Plomben\" class=\"wp-image-14598\" srcset=\"https:\/\/www.orfix.com\/wp-content\/uploads\/2021\/08\/shutterstock_116283283_471x344px.jpg 471w, https:\/\/www.orfix.com\/wp-content\/uploads\/2021\/08\/shutterstock_116283283_471x344px-300x219.jpg 300w\" sizes=\"auto, (max-width: 471px) 100vw, 471px\" \/><figcaption class=\"wp-element-caption\">Kontakt<\/figcaption><\/figure>\n\n\t<\/div>\n\n\n\n<div class=\"col-12 col-md-6\">\n\t\t\t\n<div class=\"employeeblock\">\n    <figure class=\"employeeblock__item employeeblock__item--img\">\n        <img decoding=\"async\" src=\"\" alt=\"\" \/>\n    <\/figure>\n    <div class=\"employeeblock__item employeeblock__item--content\">\n        <h2 class=\"name\">Kundenberatung<\/h2>\n        <p class=\"position\">Deutschland, \u00d6sterreich &#038; Schweiz<\/p>\n        <p><a class=\"link link--has-icon link--has-icon--mail\" href=\"mailto:info@orfix.de\">info@orfix.de<\/a><\/p>\n        <p><a class=\"link link--has-icon link--has-icon--tel\" href=\"tel:+49417881840\">+49 4178 8184-0<\/a><\/p>\n    <\/div>\n<\/div>\n\n\t<\/div>\n\n<\/div>\n\n<\/div>\n\n\n\n<div style=\"height:20px\" aria-hidden=\"true\" class=\"wp-block-spacer\"><\/div>\n\n\n\n<figure class=\"wp-block-image size-full\"><img loading=\"lazy\" decoding=\"async\" width=\"2048\" height=\"600\" src=\"https:\/\/www.orfix.com\/wp-content\/uploads\/2024\/05\/orfix-Karte-2025-en.jpg\" alt=\"\" class=\"wp-image-32960\" srcset=\"https:\/\/www.orfix.com\/wp-content\/uploads\/2024\/05\/orfix-Karte-2025-en.jpg 2048w, https:\/\/www.orfix.com\/wp-content\/uploads\/2024\/05\/orfix-Karte-2025-en-768x225.jpg 768w, https:\/\/www.orfix.com\/wp-content\/uploads\/2024\/05\/orfix-Karte-2025-en-1536x450.jpg 1536w\" sizes=\"auto, (max-width: 2048px) 100vw, 2048px\" \/><\/figure>\n\n\n\n<p class=\"has-medium-font-size\">Gern beraten wir Sie individuell!<br><strong>Ihr kompetenter Partner mit einem umfassenden Sortiment f\u00fcr alle, die z\u00e4hlen, verpacken, transportieren oder lagern.<\/strong><\/p>\n\n\n\n<div style=\"height:20px\" aria-hidden=\"true\" class=\"wp-block-spacer\"><\/div>\n\n\n\n<div class=\"wp-block-buttons cta-banner-content__item is-layout-flex wp-block-buttons-is-layout-flex\">\n<div class=\"wp-block-button is-style-outline is-style-outline--1 advgb-dyn-2c6a785e\"><a class=\"wp-block-button__link has-text-color has-medium-font-size has-custom-font-size wp-element-button\" href=\"https:\/\/www.orfix.com\/de\/kontakt\/\" style=\"border-radius:1px;color:#ba0c2f\" target=\"_blank\" rel=\"noreferrer noopener\"><strong>Kontakt<\/strong><\/a><\/div>\n\n\n\n<div class=\"wp-block-button btn__bg--red advgb-dyn-48972139\"><a class=\"wp-block-button__link has-white-color has-text-color has-background has-medium-font-size has-custom-font-size wp-element-button\" href=\"https:\/\/www.orfix.com\/de\/leistungsbereiche-produkte\/\" style=\"border-radius:1px;background-color:#ba0c2f\" target=\"_blank\" rel=\"noreferrer noopener\"><strong>Produkte<\/strong><\/a><\/div>\n\n\n\n<div class=\"wp-block-button btn__bg--red advgb-dyn-9363d00e\"><a class=\"wp-block-button__link has-white-color has-text-color has-background has-medium-font-size has-custom-font-size wp-element-button\" href=\"https:\/\/shop.orfix.com\/\" style=\"border-radius:1px;background-color:#ba0c2f\" target=\"_blank\" rel=\"noreferrer noopener\"><strong>Onlineshop<\/strong><\/a><\/div>\n<\/div>\n\n\n\n<div style=\"height:20px\" aria-hidden=\"true\" class=\"wp-block-spacer\"><\/div>\n","protected":false},"excerpt":{"rendered":"<p><a class=\"btn btn-secondary understrap-read-more-link\" href=\"https:\/\/www.orfix.com\/de\/unternehmen\/wachstum-und-gemeinwohl\/\">Weiterlesen&#8230;<\/a><\/p>\n","protected":false},"author":24,"featured_media":0,"parent":250,"menu_order":3,"comment_status":"closed","ping_status":"closed","template":"","meta":{"_acf_changed":false,"om_disable_all_campaigns":false,"inline_featured_image":false,"advgb_blocks_editor_width":"","advgb_blocks_columns_visual_guide":"","_monsterinsights_skip_tracking":false,"_monsterinsights_sitenote_active":false,"_monsterinsights_sitenote_note":"","_monsterinsights_sitenote_category":0,"_uf_show_specific_survey":0,"_uf_disable_surveys":false,"footnotes":""},"class_list":["post-16662","page","type-page","status-publish","hentry"],"acf":[],"aioseo_notices":[],"coauthors":[],"author_meta":{"author_link":"https:\/\/www.orfix.com\/de\/author\/blammert-englisch\/","display_name":"Bettina Lammert"},"relative_dates":{"created":"Posted 3\u00a0Jahren ago","modified":"Updated 3\u00a0Jahren ago"},"absolute_dates":{"created":"Posted on 24. April 2023","modified":"Updated on 3. Mai 2023"},"absolute_dates_time":{"created":"Posted on 24. April 2023 14:12","modified":"Updated on 3. Mai 2023 15:55"},"featured_img_caption":"","featured_img":false,"series_order":"","_links":{"self":[{"href":"https:\/\/www.orfix.com\/de\/wp-json\/wp\/v2\/pages\/16662","targetHints":{"allow":["GET"]}}],"collection":[{"href":"https:\/\/www.orfix.com\/de\/wp-json\/wp\/v2\/pages"}],"about":[{"href":"https:\/\/www.orfix.com\/de\/wp-json\/wp\/v2\/types\/page"}],"author":[{"embeddable":true,"href":"https:\/\/www.orfix.com\/de\/wp-json\/wp\/v2\/users\/24"}],"replies":[{"embeddable":true,"href":"https:\/\/www.orfix.com\/de\/wp-json\/wp\/v2\/comments?post=16662"}],"version-history":[{"count":5,"href":"https:\/\/www.orfix.com\/de\/wp-json\/wp\/v2\/pages\/16662\/revisions"}],"predecessor-version":[{"id":30557,"href":"https:\/\/www.orfix.com\/de\/wp-json\/wp\/v2\/pages\/16662\/revisions\/30557"}],"up":[{"embeddable":true,"href":"https:\/\/www.orfix.com\/de\/wp-json\/wp\/v2\/pages\/250"}],"wp:attachment":[{"href":"https:\/\/www.orfix.com\/de\/wp-json\/wp\/v2\/media?parent=16662"}],"curies":[{"name":"wp","href":"https:\/\/api.w.org\/{rel}","templated":true}]}}

<div class="wp-bootstrap-blocks-container container-fluid mb-5 custom_container custom_container--big custom_container--banner">
	
<div class="wp-bootstrap-blocks-row row custom_row custom_row--center">
	

<div class="col-12 col-md-12 custom_slider custom_slider__banner custom-banner-img">
			

<figure class="wp-block-image size-full advgb-dyn-9e936a3e"><img loading="lazy" decoding="async" width="1024" height="277" src="https://www.orfix.com/wp-content/uploads/2023/04/Arbeit-Titelbild-Lager-2.jpg" alt="" class="wp-image-16688" srcset="https://www.orfix.com/wp-content/uploads/2023/04/Arbeit-Titelbild-Lager-2.jpg 1024w, https://www.orfix.com/wp-content/uploads/2023/04/Arbeit-Titelbild-Lager-2-300x81.jpg 300w, https://www.orfix.com/wp-content/uploads/2023/04/Arbeit-Titelbild-Lager-2-768x208.jpg 768w" sizes="auto, (max-width: 1024px) 100vw, 1024px" /><figcaption class="wp-element-caption">Wie wir Wirtschaftswachstum und Gemeinwohl vereinbaren.</figcaption></figure>




	</div>

</div>

</div>


<div class="wp-bootstrap-blocks-container container-fluid mb-5 custom_container custom_container--small">
	
<div class="wp-bootstrap-blocks-row row">
	

<div class="col-12 col-md-12">
			

<div class="wp-block-columns is-layout-flex wp-container-core-columns-is-layout-9d6595d7 wp-block-columns-is-layout-flex">
<div class="wp-block-column is-layout-flow wp-block-column-is-layout-flow" style="flex-basis:25%">
<figure class="wp-block-image size-large"><img loading="lazy" decoding="async" width="1024" height="1024" src="https://www.orfix.com/wp-content/uploads/2023/04/8-Arbeit-1024x1024.jpg" alt="" class="wp-image-16668" srcset="https://www.orfix.com/wp-content/uploads/2023/04/8-Arbeit-1024x1024.jpg 1024w, https://www.orfix.com/wp-content/uploads/2023/04/8-Arbeit-300x300.jpg 300w, https://www.orfix.com/wp-content/uploads/2023/04/8-Arbeit-150x150.jpg 150w, https://www.orfix.com/wp-content/uploads/2023/04/8-Arbeit-768x768.jpg 768w, https://www.orfix.com/wp-content/uploads/2023/04/8-Arbeit-1536x1536.jpg 1536w, https://www.orfix.com/wp-content/uploads/2023/04/8-Arbeit.jpg 1772w" sizes="auto, (max-width: 1024px) 100vw, 1024px" /></figure>
</div>



<div class="wp-block-column is-layout-flow wp-block-column-is-layout-flow" style="flex-basis:66.66%">
<h2 class="wp-block-heading">Worum es geht:</h2>



<ul class="list--no-img-point wp-block-list">
<li>Ganzheitliche Nachhaltigkeitsstrategie</li>



<li>Steigerung der Zukunftsfähigkeit des Unternehmens</li>



<li>Partnerschaftliche Zusammenarbeit mit Lieferanten</li>



<li>Förderung von nachhaltigem Konsum</li>
</ul>
</div>
</div>



<p></p>



<p>Bereits im Jahr 2009 haben wir uns, neben der Optimierung unserer Kostenstruktur und des Unternehmenswachstums, die Schaffung von menschenwürdigen Arbeitsplätzen als gleichrangiges Unternehmens­ziel gesetzt. Darüber hinaus stellen wir uns ganz klar gegen Kinderarbeit und beziehen grundsätzlich keine Waren aus entsprechenden Ländern.</p>



<p>Im Zuge unserer Betriebserweiterung in Richtung Serbien und Ost­europa haben wir uns aktiv dafür eingesetzt, dass in den Betriebsstätten menschenwürdige Voraussetzungen geschaffen wurden, beispielsweise helle und moderne Arbeitsplätze, gedämmte Pausenräume sowie hygienische Sanitäranlagen.</p>



<p></p>

	</div>

</div>

</div>


<div class="wp-bootstrap-blocks-container container-fluid mb-5 custom_container custom_container--middle">
	
<div class="wp-bootstrap-blocks-row row custom-row__cta-contact">
	

<div class="col-12 col-md-6">
			

<figure class="wp-block-image size-full advgb-dyn-c0ecbe96"><img loading="lazy" decoding="async" width="471" height="344" src="https://www.orfix.com/wp-content/uploads/2021/08/shutterstock_116283283_471x344px.jpg" alt="Ihre Kontaktmöglichkeiten zu Wasserzähler Plomben" class="wp-image-14598" srcset="https://www.orfix.com/wp-content/uploads/2021/08/shutterstock_116283283_471x344px.jpg 471w, https://www.orfix.com/wp-content/uploads/2021/08/shutterstock_116283283_471x344px-300x219.jpg 300w" sizes="auto, (max-width: 471px) 100vw, 471px" /><figcaption class="wp-element-caption">Kontakt</figcaption></figure>

	</div>



<div class="col-12 col-md-6">
			
<div class="employeeblock">
    <figure class="employeeblock__item employeeblock__item--img">
        <img decoding="async" src="" alt="" />
    </figure>
    <div class="employeeblock__item employeeblock__item--content">
        <h2 class="name">Kundenberatung</h2>
        <p class="position">Deutschland, Österreich &#038; Schweiz</p>
        <p><a class="link link--has-icon link--has-icon--mail" href="mailto:info@orfix.de">info@orfix.de</a></p>
        <p><a class="link link--has-icon link--has-icon--tel" href="tel:+49417881840">+49 4178 8184-0</a></p>
    </div>
</div>

	</div>

</div>

</div>



<div style="height:20px" aria-hidden="true" class="wp-block-spacer"></div>



<figure class="wp-block-image size-full"><img loading="lazy" decoding="async" width="2048" height="600" src="https://www.orfix.com/wp-content/uploads/2024/05/orfix-Karte-2025-en.jpg" alt="" class="wp-image-32960" srcset="https://www.orfix.com/wp-content/uploads/2024/05/orfix-Karte-2025-en.jpg 2048w, https://www.orfix.com/wp-content/uploads/2024/05/orfix-Karte-2025-en-768x225.jpg 768w, https://www.orfix.com/wp-content/uploads/2024/05/orfix-Karte-2025-en-1536x450.jpg 1536w" sizes="auto, (max-width: 2048px) 100vw, 2048px" /></figure>



<p class="has-medium-font-size">Gern beraten wir Sie individuell!<br><strong>Ihr kompetenter Partner mit einem umfassenden Sortiment für alle, die zählen, verpacken, transportieren oder lagern.</strong></p>



<div style="height:20px" aria-hidden="true" class="wp-block-spacer"></div>



<div class="wp-block-buttons cta-banner-content__item is-layout-flex wp-block-buttons-is-layout-flex">
<div class="wp-block-button is-style-outline is-style-outline--1 advgb-dyn-2c6a785e"><a class="wp-block-button__link has-text-color has-medium-font-size has-custom-font-size wp-element-button" href="https://www.orfix.com/de/kontakt/" style="border-radius:1px;color:#ba0c2f" target="_blank" rel="noreferrer noopener"><strong>Kontakt</strong></a></div>



<div class="wp-block-button btn__bg--red advgb-dyn-48972139"><a class="wp-block-button__link has-white-color has-text-color has-background has-medium-font-size has-custom-font-size wp-element-button" href="https://www.orfix.com/de/leistungsbereiche-produkte/" style="border-radius:1px;background-color:#ba0c2f" target="_blank" rel="noreferrer noopener"><strong>Produkte</strong></a></div>



<div class="wp-block-button btn__bg--red advgb-dyn-9363d00e"><a class="wp-block-button__link has-white-color has-text-color has-background has-medium-font-size has-custom-font-size wp-element-button" href="https://shop.orfix.com/" style="border-radius:1px;background-color:#ba0c2f" target="_blank" rel="noreferrer noopener"><strong>Onlineshop</strong></a></div>
</div>



<div style="height:20px" aria-hidden="true" class="wp-block-spacer"></div>
